s the remainder when 571351 is divided by 81617?
32
What is the remainder when 29646204 is divided by 34796?
12
Calculate the remainder when 20318444 is divided by 3.
2
Calculate the remainder when 94589181 is divided by 1392.
1389
Calculate the remainder when 3619426 is divided by 440.
426
Calculate the remainder when 3606834 is divided by 1594.
1206
Calculate the remainder when 81306 is divided by 2760.
1266
What is the remainder when 330463 is divided by 109917?
712
What is the remainder when 11658 is divided by 4219?
3220
Calculate the remainder when 492797 is divided by 16.
13
Calculate the remainder when 124024 is divided by 2913.
1678
What is the remainder when 4865664 is divided by 35?
34
What is the remainder when 817407 is divided by 40?
7
What is the remainder when 2409131 is divided by 91?
88
What is the remainder when 245963 is divided by 122668?
627
What is the remainder when 6045216 is divided by 3022560?
96
Calculate the remainder when 1251793 is divided by 158.
117
Calculate the remainder when 19953 is divided by 2045.
1548
Calculate the remainder when 81504 is divided by 20304.
288
Calculate the remainder when 1356005 is divided by 177.
8
What is the remainder when 16855102 is divided by 5?
2
Calculate the remainder when 6105884 is divided by 872264.
36
What is the remainder when 11209 is divided by 1898?
1719
What is the remainder when 21089216 is divided by 83?
78
Calculate the remainder when 305952 is divided by 121.
64
What is the remainder when 513254 is divided by 11405?
29
What is the remainder when 4325233 is divided by 45054?
49
Calculate the remainder when 124025 is divided by 7129.
2832
Calculate the remainder when 106258 is divided by 16642.
6406
Calculate the remainder when 697435 is divided by 139448.
195
Calculate the remainder when 7585744 is divided by 1097.
1086
What is the remainder when 69227 is divided by 32929?
3369
Calculate the remainder when 19700899 is divided by 505151.
10
Calculate the remainder when 190351881 is divided by 11526.
11517
What is the remainder when 338467 is divided by 100?
67
Calculate the remainder when 3977189 is divided by 15.
14
Calculate the remainder when 2332605 is divided by 57.
51
Calculate the remainder when 25884045 is divided by 1992.
1989
Calculate the remainder when 107636 is divided by 89.
35
Calculate the remainder when 111532286 is divided by 2284.
2282
Calculate the remainder when 13401715 is divided by 51.
37
Calculate the remainder when 26266817 is divided by 7721.
7696
What is the remainder when 1777941 is divided by 11545?
11
Calculate the remainder when 476712 is divided by 608.
40
What is the remainder when 48556807 is divided by 2999?
2997
Calculate the remainder when 1217133 is divided by 245.
218
Calculate the remainder when 92966 is divided by 4944.
3974
What is the remainder when 4665997 is divided by 439?
305
Calculate the remainder when 756290 is divided by 356.
146
Calculate the remainder when 12586 is divided by 3101.
182
Calculate the remainder when 19678695 is divided by 234.
231
Calculate the remainder when 1620828 is divided by 1620809.
19
Calculate the remainder when 7123411 is divided by 219.
217
Calculate the remainder when 54054745 is divided by 11823.
11812
Calculate the remainder when 10838761 is divided by 2709687.
13
What is the remainder when 2077800 is divided by 34?
26
Calculate the remainder when 67796254 is divided by 671250.
4
Calculate the remainder when 32505682 is divided by 119.
118
Calculate the remainder when 420631 is divided by 1263.
52
What is the remainder when 42604 is divided by 240?
124
What is the remainder when 26926261 is divided by 39?
37
What is the remainder when 47550436 is divided by 123?
112
Calculate the remainder when 380461 is divided by 617.
389
Calculate the remainder when 3188650 is divided by 365.
10
What is the remainder when 42425 is divided by 21197?
31
Calculate the remainder when 19196799 is divided by 2137.
128
Calculate the remainder when 54866542 is divided by 374.
368
What is the remainder when 106812685 is divided by 37?
12
Calculate the remainder when 963177 is divided by 14592.
105
What is the remainder when 987180 is divided by 47?
39
What is the remainder when 4071216 is divided by 313170?
6
Calculate the remainder when 222198902 is divided by 138.
134
What is the remainder when 2665 is divided by 2545?
120
Calculate the remainder when 150149 is divided by 29135.
4474
Calculate the remainder when 378886138 is divided by 270.
268
Calculate the remainder when 21022563 is divided by 296092.
31
Calculate the remainder when 3640389 is divided by 434.
431
What is the remainder when 1815443 is divided by 5057?
5037
What is the remainder when 1136992 is divided by 296?
56
What is the remainder when 496253577 is divided by 124?
121
What is the remainder when 740732 is divided by 6390?
5882
Calculate the remainder when 775613 is divided by 452.
433
Calculate the remainder when 569603 is divided by 1212.
1175
What is the remainder when 2358550 is divided by 19492?
18
Calculate the remainder when 7672813 is divided by 3323.
6
What is the remainder when 4661211 is divided by 4661191?
20
What is the remainder when 409601 is divided by 3437?
598
Calculate the remainder when 391245 is divided by 52.
49
What is the remainder when 177732 is divided by 363?
225
What is the remainder when 239002 is divided by 384?
154
What is the remainder when 17615820 is divided by 2516541?
33
What is the remainder when 883407 is divided by 9812?
327
Calculate the remainder when 11802 is divided by 1.
0
Calculate the remainder when 30444 is divided by 4309.
281
What is the remainder when 34047 is divided by 420?
27
What is the remainder when 6010894 is divided by 10?
4
What is the remainder when 910759 is divided by 621?
373
What is the remainder when 12262 is divided by 3212?
2626
What is the remainder when 1576923 is divided by 293?
290
What is the remainder when 4804647 is divided by 3242?
3
What is the remainder when 99569138 is divided by 24892283?
6
Calculate the remainder when 105704899 is divided by 3914996.
7
What is the remainder when 2733261 is divided by 19?
16
Calculate the remainder when 627437584 is divided by 25.
9
What is the remainder when 77500 is divided by 7692?
580
What is the remainder when 12906014 is divided by 218?
196
What is the remainder when 842515 is divided by 233?
220
What is the remainder when 323953 is divided by 728?
721
What is the remainder when 5253221 is divided by 787?
783
Calculate the remainder when 2621 is divided by 1327.
1294
Calculate the remainder when 3180589 is divided by 1060195.
4
Calculate the remainder when 81481353 is divided by 1153.
1149
What is the remainder when 154164 is divided by 18?
12
Calculate the remainder when 1072719 is divided by 977.
950
Calculate the remainder when 959433 is divided by 957838.
1595
What is the remainder when 452668 is divided by 573?
571
What is the remainder when 33342111 is divided by 608?
607
Calculate the remainder when 53288 is divided by 2193.
656
What is the remainder when 22231241 is divided by 312?
305
Calculate the remainder when 419446 is divided by 465.
16
What is the remainder when 319608 is divided by 553?
527
Calculate the remainder when 177098758 is divided by 20118.
4
What is the remainder when 10269177 is divided by 99700?
77
Calculate the remainder when 73615 is divided by 23790.
2245
What is the remainder when 248673 is divided by 5176?
225
What is the remainder when 91112 is divided by 1918?
966
What is the remainder when 16648372 is divided by 1387363?
16
What is the remainder when 6211 is divided by 3629?
2582
What is the remainder when 42581 is divided by 1921?
319
What is the remainder when 59991 is divided by 5425?
316
Calculate the remainder when 68302203 is divided by 589.
585
What is the remainder when 31285703 is divided by 628?
627
Calculate the remainder when 9274673 is divided by 403246.
15
Calculate the remainder when 66095 is divided by 1175.
295
What is the remainder when 59248150 is divided by 86?
84
What is the remainder when 2223816 is divided by 123518?
492
What is the remainder when 1285980 is divided by 237?
18
Calculate the remainder when 868533 is divided by 26256.
2085
Calculate the remain